{"id":29,"date":"2023-12-21T10:53:21","date_gmt":"2023-12-21T09:53:21","guid":{"rendered":"https:\/\/artdemassage.fr\/?page_id=29"},"modified":"2024-01-28T17:54:31","modified_gmt":"2024-01-28T16:54:31","slug":"prestations-et-prix","status":"publish","type":"page","link":"https:\/\/artdemassage.fr\/index.php\/prestations-et-prix\/","title":{"rendered":"Prestations et prix"},"content":{"rendered":"\n<p><\/p>\n\n\n\n<div class=\"wp-block-cover\"><span aria-hidden=\"true\" class=\"wp-block-cover__background has-background-dim\"><\/span><img loading=\"lazy\" decoding=\"async\" width=\"570\" height=\"886\" class=\"wp-block-cover__image-background wp-image-30\" alt=\"\" src=\"https:\/\/artdemassage.fr\/wp-content\/uploads\/2023\/12\/Prestations_Prix-1.png\" style=\"object-position:30% 36%\" data-object-fit=\"cover\" data-object-position=\"30% 36%\" srcset=\"https:\/\/artdemassage.fr\/wp-content\/uploads\/2023\/12\/Prestations_Prix-1.png 570w, https:\/\/artdemassage.fr\/wp-content\/uploads\/2023\/12\/Prestations_Prix-1-193x300.png 193w, https:\/\/artdemassage.fr\/wp-content\/uploads\/2023\/12\/Prestations_Prix-1-39x60.png 39w\" sizes=\"auto, (max-width: 570px) 100vw, 570px\" \/><div class=\"wp-block-cover__inner-container is-layout-constrained wp-block-cover-is-layout-constrained\">\n<p class=\"has-text-align-center has-large-font-size\">Modelage facial int\u00e9gral<\/p>\n\n\n\n<p style=\"text-align: center;\"><em>Mod\u00e9lisation structurelle et plastique du visage<\/em><\/p>\n<p style=\"text-align: center;\"><em>Massage craniosacral<\/em><\/p>\n<p style=\"text-align: center;\"><em>Drainages lymphatiques<\/em><\/p>\n<p style=\"text-align: center;\"><em>Massage buccal<\/em><\/p>\n<\/p>\n\n\n\n<div class=\"btn-wrap\" style=\"text-align: center;\">\n                                                                                        <a href=\"https:\/\/artdemassage.fr\/index.php\/reservation\/?customize_changeset_uuid=6a5fcbfe-296d-4698-a404-10be64527f71&#038;customize_autosaved=on&#038;customize_messenger_channel=preview-1\" class=\"btn btn-green\">\n                                    <span>R\u00e9servation<\/span>\n                                    <svg class=\"svg-inline--fa fa-chevron-right\" aria-hidden=\"true\" focusable=\"false\" data-prefix=\"fas\" data-icon=\"chevron-right\" role=\"img\" xmlns=\"http:\/\/www.w3.org\/2000\/svg\" viewBox=\"0 0 320 512\" data-fa-i2svg=\"\"><path fill=\"currentColor\" d=\"M96 480c-8.188 0-16.38-3.125-22.62-9.375c-12.5-12.5-12.5-32.75 0-45.25L242.8 256L73.38 86.63c-12.5-12.5-12.5-32.75 0-45.25s32.75-12.5 45.25 0l192 192c12.5 12.5 12.5 32.75 0 45.25l-192 192C112.4 476.9 104.2 480 96 480z\"><\/path><\/svg><!-- <i class=\"fas fa-chevron-right\"><\/i> Font Awesome fontawesome.com -->\n                                <\/a>\n                                                    <\/div>\n\n\n\n<figure class=\"wp-block-table\">\n<table style=\"border: none;\">\n<tbody>\n<tr style=\"border: none;\">\n<td style=\"border: none;\"><span style=\"color: #ffffff;\">S\u00e9ance standard de 50min<\/span><\/td>\n<td style=\"border: none; text-align: right;\"><span style=\"color: #ffffff;\">\u00e0 partir de 65\u20ac<\/span><\/td>\n<\/tr>\n<tr style=\"border: none;\">\n<td style=\"border: none;\"><span style=\"color: #ffffff;\">S\u00e9ance premium de 50min<\/span><\/td>\n<td style=\"border: none; text-align: right;\"><span style=\"color: #ffffff;\">\u00e0 partir de 75\u20ac<\/span><\/td>\n<\/tr>\n<tr style=\"border: none;\">\n<td style=\"border: none;\"><span style=\"color: #ffffff;\">S\u00e9ance VIP de 50min<\/span><\/td>\n<td style=\"border: none; text-align: right;\"><span style=\"color: #ffffff;\">\u00e0 partir de 120\u20ac<\/span><\/td>\n<\/tr>\n<tr style=\"border: none;\">\n<td style=\"border: none;\"><span style=\"color: #ffffff;\">Carte de 10 s\u00e9ances standards de 50min<em> &#8211; \u00e0 acheter lors de la 1\u00e8re s\u00e9ance<\/em><br \/><\/span><\/td>\n<td style=\"border: none; text-align: right;\"><span style=\"color: #ffffff;\">550\u20ac<\/span><\/td>\n<\/tr>\n<tr style=\"border: none;\">\n<td style=\"border: none;\"><span style=\"color: #ffffff;\">Carte de 10 s\u00e9ances premium de 50min<em> &#8211; \u00e0 acheter lors de la 1\u00e8re s\u00e9ance<\/em><br \/><\/span><\/td>\n<td style=\"border: none; text-align: right;\"><span style=\"color: #ffffff;\">650\u20ac<\/span><\/td>\n<\/tr>\n<tr style=\"border: none;\">\n<td style=\"border: none;\"><span style=\"color: #ffffff;\">Carte de 10 s\u00e9ances VIP de 50min<em> &#8211; \u00e0 acheter lors de la 1\u00e8re s\u00e9ance<\/em><br \/><\/span><\/td>\n<td style=\"border: none; text-align: right;\"><span style=\"color: #ffffff;\">1000\u20ac<\/span><\/td>\n<\/tr>\n<\/tbody>\n<\/table>\n<\/figure>\n<figure class=\"wp-block-table\">\n<table style=\"border: none;\">\n<tbody>\n<tr style=\"border: none;\">\n<td style=\"border: none;\"><span style=\"color: #ffffff;\">\u00a0<\/span><\/td>\n<td style=\"border: none; text-align: right;\">\u00a0<\/td>\n<\/tr>\n<tr style=\"border: none;\">\n<td style=\"border: none;\"><span style=\"color: #ffffff;\">\u00a0<\/span><\/td>\n<td style=\"border: none; text-align: right;\">\u00a0<\/td>\n<\/tr>\n<tr style=\"border: none;\">\n<td style=\"border: none;\"><span style=\"color: #ffffff;\"><em><b>Standard<\/b><\/em><br \/><\/span><\/td>\n<td style=\"border: none; text-align: left; color: #ffffff;\">s\u00e9ance au cabinet<\/td>\n<\/tr>\n<tr style=\"border: none;\">\n<td style=\"border: none;\"><span style=\"color: #ffffff;\"><em><b>Premium<\/b><\/em><br \/><\/span><\/td>\n<td style=\"border: none; text-align: left; color: #ffffff;\">d\u00e9placement \u00e0 Gen\u00e8ve\/Annemasse &#8211; le client dispose d&rsquo;une table de massage<\/td>\n<\/tr>\n<tr style=\"border: none;\">\n<td style=\"border: none;\"><span style=\"color: #ffffff;\"><em><b>VIP<\/b><\/em><br \/><\/span><\/td>\n<td style=\"border: none; text-align: left; color: #ffffff;\">d\u00e9placement \u00e0 Gen\u00e8ve\/Annemasse &#8211; le client ne dispose pas d&rsquo;une table de massage<\/td>\n<\/tr>\n<\/tbody>\n<\/table>\n<\/figure>\n\n\n\n<p><\/p>\n<\/div><\/div>\n","protected":false},"excerpt":{"rendered":"","protected":false},"author":1,"featured_media":0,"parent":0,"menu_order":0,"comment_status":"closed","ping_status":"closed","template":"","meta":{"footnotes":""},"class_list":["post-29","page","type-page","status-publish","hentry"],"_links":{"self":[{"href":"https:\/\/artdemassage.fr\/index.php\/wp-json\/wp\/v2\/pages\/29","targetHints":{"allow":["GET"]}}],"collection":[{"href":"https:\/\/artdemassage.fr\/index.php\/wp-json\/wp\/v2\/pages"}],"about":[{"href":"https:\/\/artdemassage.fr\/index.php\/wp-json\/wp\/v2\/types\/page"}],"author":[{"embeddable":true,"href":"https:\/\/artdemassage.fr\/index.php\/wp-json\/wp\/v2\/users\/1"}],"replies":[{"embeddable":true,"href":"https:\/\/artdemassage.fr\/index.php\/wp-json\/wp\/v2\/comments?post=29"}],"version-history":[{"count":31,"href":"https:\/\/artdemassage.fr\/index.php\/wp-json\/wp\/v2\/pages\/29\/revisions"}],"predecessor-version":[{"id":122,"href":"https:\/\/artdemassage.fr\/index.php\/wp-json\/wp\/v2\/pages\/29\/revisions\/122"}],"wp:attachment":[{"href":"https:\/\/artdemassage.fr\/index.php\/wp-json\/wp\/v2\/media?parent=29"}],"curies":[{"name":"wp","href":"https:\/\/api.w.org\/{rel}","templated":true}]}}